 + (-2 - 3) - (23 - -4)?
-49
Calculate 15 + (-8 - (14 - (15 - -7))).
15
What is the value of -2717 - -2741 - (-10 - 0)?
34
Evaluate ((3 - 52) + 19 - -16) + 4.
-10
What is (0 - -50) + -21 + 3?
32
What is the value of -937 + 919 - ((-1 - -3) + (37 - -2))?
-59
Evaluate (-192 - -223) + -7 + 4 - 19.
9
10 + (-33 - (8 + 2 - (-94 - -106)))
-21
What is -1 + 2 - 4 - (13 - (-1 - -11) - 94)?
88
-99 + -8 + (-16 - ((10 - 7) + -8)) + -14
-132
52 + (-28 - 61) + 37 - (106 + 0)
-106
What is the value of -17 + 218 + -295 + 140?
46
Evaluate 57 - (-113 + (266 - 141)).
45
Calculate 1 + 14 + 7 + -16 + 3 + 115 + -75.
49
What is 11 + 10 + -49 - -14 - 3?
-17
What is 1 + 31 + (683 - 700) + -15?
0
Calculate (-125 - 0) + (18 - (-7 + 15 - 8 - -7)).
-114
What is -1 + -35 - ((-1 - -1) + 9 - (-4 - -5))?
-44
Evaluate -113 - (-2 - 18 - (867 - 887)).
-113
Evaluate (23 + -23 + -2 - -13) + -5.
6
What is the value of -8 - (-8 - (9 + (-30 - -13)))?
-8
Evaluate (7 - (12 + (-3 - 3))) + 117 + -132.
-14
Calculate (8 - -3 - (-77 + 101)) + (42 - (1 + 4)).
24
12 + 0 - (-17 - -6 - (-89 - -74))
8
Evaluate -3 + 1 - (1 - -126 - ((72 - 51) + 2)).
-106
What is -28 + (-41 - -34) + 27?
-8
Evaluate 128 - (69 - (31 - 33) - 37).
94
What is -20 - (72 - 95 - (-1 - -43))?
45
What is (3 - 7) + -58 - (-1107 + 1106)?
-61
What is 0 + (-18 + 6 + (19 - 15) + 18 - 25)?
-15
Evaluate 4 - (-8 + (-10 - (3 + 11 - 43))).
-7
(-203 - (-65 - 138)) + (2 + 0 + -3 - 11)
-12
Calculate 41 + (-35 + 28 - 24) + -37.
-27
What is 4 - (15 + -25) - (-83 - -81)?
16
What is 48 + -5 - (-1059 - -1178)?
-76
Evaluate -3 - (10 - (6 + 68 + 3 - 7)).
57
(-20835 - -20857) + -4 + -1 + (2 - (4 + -2))
17
What is 62 + -23 + (-4 - 17)?
18
What is 70 - (-27 + 12 + 46)?
39
Evaluate -81 + (-31 + 107 + -8 - 28).
-41
What is the value of 9 + (14 + -25 + 9 + (10 - 2) - 0)?
15
Evaluate -10 + (-36 - -15 - 3 - -43).
9
Evaluate -1266 + 1268 - (34 + (4 - (6 - 0))).
-30
What is the value of (-12 - -13 - -50) + (5 - 1) + (-5 - -7)?
57
39 + (-42 - (35 - -2))
-40
Calculate 0 - (-7 + 1 + -8) - 140 - (-11 + -2).
-113
Calculate -68 + 38 + 49 - 32.
-13
76 + -28 + (8 - -14)
70
Calculate 76 - (0 + (-3 - -1) + (174 - 182) - -21).
65
Calculate 1 + -33 + 133 + -157 + 23.
-33
-26 + -1 - (127 - (102 + -29))
-81
Calculate 356 - 183 - (71 + -4 - 16).
122
(10 - (88 + (48 - 33))) + -29
-122
(-7 + -2 + 2 - 41) + (3 + -4 - 2)
-51
What is the value of -22 + -20 - (1 - 8) - (-20 + (10 - -13))?
-38
-7 + (19 - (4 - -4)) + -84 + 9
-71
What is (115 - 130) + (5 - 0) - (-6 - (-19 - 7))?
-30
What is the value of -1 + (7 - 47 - -44) - (-3 - (-96 - -3))?
-87
24 - 1 - (58 + (-22 - 54))
41
Evaluate 11 + (9 - (-7 - -7) - 18 - 113).
-111
What is -16 + 49 + -89 - -42?
-14
What is the value of (-13 - -11) + 5 + -2 + (1 - -4)?
6
14 - (83 + (-52 - -12))
-29
Evaluate -44 + 3 + (40 - 119) + 116.
-4
What is the value of 7 - (-4 - (-7 + -6 - (-61 + 3 + -1)))?
57
What is the value of (-117 + 84 - -12) + 73?
52
What is -11 + 0 + (31 + 2 + -19 - -35)?
38
-31 + 19 - (-14 - -5) - 25
-28
93 - (-66 + 75) - 43
41
What is (-8 - (-1 + -3 + 1)) + (-17 - -30) + 18?
26
What is 35 + -58 + -37 - -44?
-16
What is -5 + 1 - (3 - 6) - (1 - (1 - 14))?
-15
What is (22 - 5) + 6 - (-390 + 363)?
50
Evaluate -34 + (1 - -23) - 24.
-34
6 + -11 + 4 + (7 + (4 - -19) - 10)
19
Calculate (4 - (6 - (-8 - -16))) + 27 + -39.
-6
Calculate -6 - 73 - (-16 - (-5 - 8) - (2 - 5)).
-79
Calculate 72 - -34 - -38 - (12 + -11).
143
-4 + 0 + (-176 - -229 - 87)
-38
Calculate 77 - (168 - 49) - (-2 + -29).
-11
What is the value of 2338 - 2313 - (-15 + 0 - -5)?
35
What is 12 + (11 - (3 + -13) - (0 + -3 - -12))?
24
Evaluate 72 + -203 + 84 + 130.
83
Calculate -19 - (2 - (0 - 19)) - (1 + 2 - -1).
-44
What is the value of 47 + 20 + (-42 - (10 + -11))?
26
Evaluate -44 - (-7 - (-11 + (11 - (-7 - -3)))).
-33
109 - -1 - (-1209 + 1270)
49
Calculate (29 - 1) + -1465 + 1359.
-78
Evaluate -47 - (8 - 83 - -2).
26
Evaluate 42 + (45 - 23 - 48 - 26).
-10
What is the value of -34 + 0 + 0 - (-361 + 463 - 92)?
-44
Evaluate -5 + (57 - ((17 - 34) + 12)) + (0 - 9).
48
What is (-2 - -44) + 1 + (-1 - (-14 + 23) - -7)?
40
What is (-28 - -2) + (43 - -2 - 38)?
-19
(55 - -12) + -4 + -98
-35
Calculate 10 + 5 + 23 + 10 + 6.
54
Calculate 9 + 264 - (-2580 + 2738).
115
Calculate 74 + -96 + 47 + 49 + -5.
69
Calculate 54 - (-49 + 121) - -22.
4
Evaluate 7 - 5 - (427 - 429).
4
What is (-7 - 19) + (36 - -93) + -45?
58
What is the value of -1 + -96 - (-19 + 0) - 17 - 6?
-101
What is the value of (12 - 7) + -2 + (81 - -2) - (27 - 28)?
87
What is -61 + (-190 - -246) + -7 + -5?
-17
Evaluate (20 - (-20 + (5 - -21) + -6)) + -16.
4
What is 10 - 19 - ((-11 - 1) + 10 + (0 - 7))?
0
Calculate (116 - 107) + (-91 - (-9 - (9 + -8))).
-72
What is the value of (-115 - -122) + (-17 - (7 + -12)) + 66 + 2?
63
Evaluate (0 - -6) + (-2 - (20 + -8 + 3)) + -10.
-21
-2 - (-14 + 0 - -35) - 14
-37
Evaluate 69 + (-53 - -20) + 17.
53
Calculate (34 - -132) + -279 - (1 - 35).
-79
-4 + -21 - (-68 + 43)
0
What is the value of 30 + (-2 + 2 - -7)?
37
What is 1 - 14 - (-809 - -728)?
68
What is the value of (2 - 9) + -5 - (-6 + 2) - (-4 + 15)?
-19
Evaluate 50 + (-4 - (10 + -6) - 1 - (-6 + -8)).
55
Calculate (81 - (286 + -227)) + 124 + -2.
144
What is the value of (44 - (-32 + (-41 - -120))) + (-1 - 5)?
-9
36 + 53 + -139 + 189
139
Calculate 5 - -3 - (-195 - 3 - -95).
111
9 + (22 - (41 + -21)) + (25 - 0)
36
(29 - 221) + 62 + 75
-55
What is the value of 26 - (-9 - (-13 + 37 + -14))?
45
Calculate 6 + -10 + 2 - (-23 - -18 - 50).
53
11 - ((0 - -1) + -55 + 341 + -333 - -11)
46
(-19 - (-25 - -1)) + -5 + (1 - (-4 + 29))
-24
Evaluate -82 - (-3 - -20 - 82).
-17
What is 8 + 8 + -31 - -3?
-12
Calculate 1 + -15 + 2 + (-1030 - -1048) + (17 - 1).
22
(248 - 168) + (-33 - 80)
-33
Calculate -1250 - -1225 - (1 + -17).
-9
What is the value of -32 + 61 - (7 + -17) - -60?
99
What is 67 + 25 + -12 + -38 + 19?
61
Calculate -10 + -47 + (-28 - -59).
-26
What is the value of (66 - 102) + 11 + 42?
17
What is (-4 - -3) + -16 + (2 - -11) - 5 - -56?
47
(-3 - -5 - -19) + 276 + -261
36
Calculate -3 + 20 - (7 + 7 - 3) - -30.
36
Calculate -4 - (1 + 1 - 0) - (-124 - (-34 + -34)).
50
Evaluate 16 - (-4 - -18 - (60 - 22)).
40
What is the value of (34 - -2) + (-4839 - -4851)?
48
Calculate (0 - 23) + (403 - 123 - 260).
-3
Evaluate 0 + -3 + -8 + -1 - (-33 - (-43 + 15)).
-7
Calculate -53 - -62 - (-8 + 6 + -3 + 49).
-35
Calculate -34 - (-7 + (-24 - 5) + 77).
-75
2480 + -2458 + -1 + 54
75
What is -104 - (-61 + 10 - -43)?
-96
What is the value of -5 + -1 + -30 + (27 - 18)?
-27
What is 44 - ((-33 - -3) + 46 - (17 - -1))?
46
What is the value of (1 + -17 + 3 + (84 - -14) - 9) + 10?
86
Calculate (213 - 174) + (-21 - -3).
21
Evaluate 5 - -5 - (-2 + 3 - -11 - (1 - -3)).
2
What is -54 - 3 - (-2 - ((-23 - -21) + -5))?
-62
What is the value of 58 - (13 - 63) - 54?
54
Calculate 0 + -23 - ((-24 - -4) + 512 + -493).
-22
Evaluate (-87 - -23 - -74) + 2 + (1 - -6) - -7.
26
-5 - (1 + -2 + -10 - ((37 - 74) + 103))
72
Evaluate -12 - (-6 + (-19 - -26 - -7 - 33)).
13
What is the value of -2 + 52 - (43 + 38 - 62)?
31
What is 8 + 0 - ((-36 - 4) + (48 - 23))?
23
Calculate 36 - (21 - 28 - 3 - 4).
50
What is 2 - (18 - (-56 + 13 + 22))?
-37
What is the value of 34 + (-26 - 7) + 3 - (2 - (5 - 1))?
6
What is the value of -5 + (13 - -1 - (50 - 16))?
-25
Evaluate 15 + (-45 - -189) + -14 + -14.
131
Evaluate -1 + 12 + (55 - (-10 + -7)) + -1 - 12.
70
What is the value of 71 - (49 + 38 + 19) - (13 + 0)?
-48
What is (10 - 9 - -34) + 11 + (-10 - 9 - -8)?
35
Calculate -63 - (57 + -220) - (33 - 1).
68
What is the value of (4 - -1) + 0 + 5 + -1 - 3 - -40?
46
-5 - (-2 - 6) - (-8 + -13 + 9 + -4)
19
4 - (-32 + 0 + 4 + -3 + 365 + -376)
46
Calculate 18 + (-6 - (7 + -25)) + -24 + 6.
12
What is (-37 + 4 - 2) + (0 - -8)?
-27
What is 2 + -34 + 95 - 91?
-28
Evaluate 7 + (-4 - 98 - -5) - (-4 + -1 + 2).
-87
Calculate -17 + 21 - 20 - 3 - -31 - (-97 + 4).
105
Calculate (-579 - -595) + (-3 - 34).
-21
What is the value of -1 + (0 + -93 - (145 - 128)) + 9?
-102
What is -80 + 26 - (-204 + 41)?
109
Calculate 2 + -14 - ((31 - 41) + -4 + 1 + 5).
-4
Evaluate (124 - (134 - 53)) + -8.
35
Calculate 43 - -14 - -9 - 59.
7
Evaluate -18 - 44 - -45 - (25 + -1).
-41
What is the value of (41 - 9) + (28 - (20 + 39))?
1
Evaluate (-48 -